{"id":7,"date":"2023-05-30T09:57:27","date_gmt":"2023-05-30T09:57:27","guid":{"rendered":"https:\/\/szabadsagter.hu\/index.php\/kosar\/"},"modified":"2023-05-30T09:57:27","modified_gmt":"2023-05-30T09:57:27","slug":"kosar","status":"publish","type":"page","link":"https:\/\/szabadsagter.hu\/index.php\/kosar\/","title":{"rendered":"Kos\u00e1r"},"content":{"rendered":"\n","protected":false},"excerpt":{"rendered":"","protected":false},"author":1,"featured_media":0,"parent":0,"menu_order":0,"comment_status":"closed","ping_status":"closed","template":"","meta":{"footnotes":""},"yoast_head":"<!-- This site is optimized with the Yoast SEO plugin v20.8 - https:\/\/yoast.com\/wordpress\/plugins\/seo\/ -->\n<title>Kos\u00e1r - Szabads\u00e1gt\u00e9r<\/title>\n<meta name=\"robots\" content=\"index, follow, max-snippet:-1, max-image-preview:large, max-video-preview:-1\" \/>\n<link rel=\"canonical\" href=\"https:\/\/szabadsagter.hu\/index.php\/kosar\/\" \/>\n<meta property=\"og:locale\" content=\"hu_HU\" \/>\n<meta property=\"og:type\" content=\"article\" \/>\n<meta property=\"og:title\" content=\"Kos\u00e1r - Szabads\u00e1gt\u00e9r\" \/>\n<meta property=\"og:url\" content=\"https:\/\/szabadsagter.hu\/index.php\/kosar\/\" \/>\n<meta property=\"og:site_name\" content=\"Szabads\u00e1gt\u00e9r\" \/>\n<meta name=\"twitter:card\" content=\"summary_large_image\" \/>\n<script type=\"application\/ld+json\" class=\"yoast-schema-graph\">{\"@context\":\"https:\/\/schema.org\",\"@graph\":[{\"@type\":\"WebPage\",\"@id\":\"https:\/\/szabadsagter.hu\/index.php\/kosar\/\",\"url\":\"https:\/\/szabadsagter.hu\/index.php\/kosar\/\",\"name\":\"Kos\u00e1r - Szabads\u00e1gt\u00e9r\",\"isPartOf\":{\"@id\":\"https:\/\/szabadsagter.hu\/#website\"},\"datePublished\":\"2023-05-30T09:57:27+00:00\",\"dateModified\":\"2023-05-30T09:57:27+00:00\",\"breadcrumb\":{\"@id\":\"https:\/\/szabadsagter.hu\/index.php\/kosar\/#breadcrumb\"},\"inLanguage\":\"hu\",\"potentialAction\":[{\"@type\":\"ReadAction\",\"target\":[\"https:\/\/szabadsagter.hu\/index.php\/kosar\/\"]}]},{\"@type\":\"BreadcrumbList\",\"@id\":\"https:\/\/szabadsagter.hu\/index.php\/kosar\/#breadcrumb\",\"itemListElement\":[{\"@type\":\"ListItem\",\"position\":1,\"name\":\"Kezd\u0151lap\",\"item\":\"https:\/\/szabadsagter.hu\/\"},{\"@type\":\"ListItem\",\"position\":2,\"name\":\"Kos\u00e1r\"}]},{\"@type\":\"WebSite\",\"@id\":\"https:\/\/szabadsagter.hu\/#website\",\"url\":\"https:\/\/szabadsagter.hu\/\",\"name\":\"Szabads\u00e1gt\u00e9r\",\"description\":\"\",\"potentialAction\":[{\"@type\":\"SearchAction\",\"target\":{\"@type\":\"EntryPoint\",\"urlTemplate\":\"https:\/\/szabadsagter.hu\/?s={search_term_string}\"},\"query-input\":\"required name=search_term_string\"}],\"inLanguage\":\"hu\"}]}<\/script>\n<!-- \/ Yoast SEO plugin. -->","yoast_head_json":{"title":"Kos\u00e1r - Szabads\u00e1gt\u00e9r","robots":{"index":"index","follow":"follow","max-snippet":"max-snippet:-1","max-image-preview":"max-image-preview:large","max-video-preview":"max-video-preview:-1"},"canonical":"https:\/\/szabadsagter.hu\/index.php\/kosar\/","og_locale":"hu_HU","og_type":"article","og_title":"Kos\u00e1r - Szabads\u00e1gt\u00e9r","og_url":"https:\/\/szabadsagter.hu\/index.php\/kosar\/","og_site_name":"Szabads\u00e1gt\u00e9r","twitter_card":"summary_large_image","schema":{"@context":"https:\/\/schema.org","@graph":[{"@type":"WebPage","@id":"https:\/\/szabadsagter.hu\/index.php\/kosar\/","url":"https:\/\/szabadsagter.hu\/index.php\/kosar\/","name":"Kos\u00e1r - Szabads\u00e1gt\u00e9r","isPartOf":{"@id":"https:\/\/szabadsagter.hu\/#website"},"datePublished":"2023-05-30T09:57:27+00:00","dateModified":"2023-05-30T09:57:27+00:00","breadcrumb":{"@id":"https:\/\/szabadsagter.hu\/index.php\/kosar\/#breadcrumb"},"inLanguage":"hu","potentialAction":[{"@type":"ReadAction","target":["https:\/\/szabadsagter.hu\/index.php\/kosar\/"]}]},{"@type":"BreadcrumbList","@id":"https:\/\/szabadsagter.hu\/index.php\/kosar\/#breadcrumb","itemListElement":[{"@type":"ListItem","position":1,"name":"Kezd\u0151lap","item":"https:\/\/szabadsagter.hu\/"},{"@type":"ListItem","position":2,"name":"Kos\u00e1r"}]},{"@type":"WebSite","@id":"https:\/\/szabadsagter.hu\/#website","url":"https:\/\/szabadsagter.hu\/","name":"Szabads\u00e1gt\u00e9r","description":"","potentialAction":[{"@type":"SearchAction","target":{"@type":"EntryPoint","urlTemplate":"https:\/\/szabadsagter.hu\/?s={search_term_string}"},"query-input":"required name=search_term_string"}],"inLanguage":"hu"}]}},"_links":{"self":[{"href":"https:\/\/szabadsagter.hu\/index.php\/wp-json\/wp\/v2\/pages\/7"}],"collection":[{"href":"https:\/\/szabadsagter.hu\/index.php\/wp-json\/wp\/v2\/pages"}],"about":[{"href":"https:\/\/szabadsagter.hu\/index.php\/wp-json\/wp\/v2\/types\/page"}],"author":[{"embeddable":true,"href":"https:\/\/szabadsagter.hu\/index.php\/wp-json\/wp\/v2\/users\/1"}],"replies":[{"embeddable":true,"href":"https:\/\/szabadsagter.hu\/index.php\/wp-json\/wp\/v2\/comments?post=7"}],"version-history":[{"count":0,"href":"https:\/\/szabadsagter.hu\/index.php\/wp-json\/wp\/v2\/pages\/7\/revisions"}],"wp:attachment":[{"href":"https:\/\/szabadsagter.hu\/index.php\/wp-json\/wp\/v2\/media?parent=7"}],"curies":[{"name":"wp","href":"https:\/\/api.w.org\/{rel}","templated":true}]}}